4109 a prime number?
True
Is 2695573 prime?
True
Is 14920091 composite?
True
Is 13888723 composite?
False
Is 6068089 composite?
False
Is 2735449 a prime number?
False
Is 2263609693 composite?
False
Is 5406719 a prime number?
True
Is 84657814 prime?
False
Is 1787603 prime?
True
Is 4933249 prime?
False
Is 26915227 a prime number?
False
Is 16702697 a prime number?
False
Is 147851387 composite?
False
Is 1348573 composite?
False
Is 506231 a prime number?
False
Is 128868527 prime?
False
Is 1817219 prime?
False
Is 30389741 a composite number?
False
Is 78760351 a prime number?
True
Is 30444877 composite?
False
Is 22043681 composite?
True
Is 3419147 a prime number?
False
Is 170028395 a prime number?
False
Is 54786547 a prime number?
True
Is 31225837 a prime number?
False
Is 106401199 composite?
True
Is 151470471 prime?
False
Is 9111853 a composite number?
False
Is 13861787 composite?
False
Is 19840549 a prime number?
False
Is 15185237 prime?
False
Is 24412079 composite?
True
Is 8285041 composite?
True
Is 165074073 composite?
True
Is 712093 a composite number?
False
Is 8965409 a composite number?
True
Is 1138171 prime?
True
Is 70242213 prime?
False
Is 114167357 composite?
False
Is 2239453 a prime number?
True
Is 760657 a prime number?
True
Is 108505783 prime?
False
Is 4312927 prime?
False
Is 69465877 prime?
False
Is 59412167 composite?
False
Is 1366009 composite?
False
Is 75343 a composite number?
True
Is 8294851 a composite number?
False
Is 58207537 composite?
True
Is 267395 a prime number?
False
Is 4984481 a prime number?
True
Is 545518 a composite number?
True
Is 22572581 a composite number?
False
Is 1748993 composite?
False
Is 20422079 a composite number?
False
Is 469748953 a prime number?
True
Is 126407 prime?
False
Is 78448639 a composite number?
True
Is 613049 a prime number?
True
Is 314576921 a prime number?
False
Is 53763 a prime number?
False
Is 4184863 prime?
False
Is 20950021 a prime number?
False
Is 836609 a composite number?
False
Is 1838359 prime?
False
Is 211771 composite?
True
Is 467569 a composite number?
True
Is 12277151 composite?
False
Is 7006921 prime?
False
Is 688087 a composite number?
False
Is 13784527 prime?
False
Is 129468061 composite?
False
Is 1031189 a prime number?
True
Is 132247289 a prime number?
True
Is 9691609 composite?
False
Is 1121857 prime?
False
Is 8300261 a composite number?
False
Is 64232969 prime?
True
Is 103777829 prime?
False
Is 132999131 composite?
False
Is 154996189 a composite number?
False
Is 676807 prime?
True
Is 492467 prime?
True
Is 12558761 composite?
True
Is 426231646 composite?
True
Is 272649997 prime?
True
Is 7886211 a prime number?
False
Is 177922817 composite?
True
Is 25058311 prime?
True
Is 95275699 composite?
False
Is 173037247 composite?
False
Is 342212681 a composite number?
False
Is 112727029 prime?
True
Is 1826339 composite?
True
Is 6502981 composite?
True
Is 2084501 a prime number?
True
Is 193712473 a composite number?
False
Is 54249931 composite?
True
Is 44802427 a prime number?
True
Is 651614 prime?
False
Is 22948031 a prime number?
False
Is 1446671 composite?
True
Is 83537317 a composite number?
False
Is 119292197 composite?
False
Is 1689361 a composite number?
True
Is 149228153 composite?
True
Is 8581429 prime?
True
Is 91643221 composite?
True
Is 16587929 composite?
False
Is 3434749 a prime number?
True
Is 46565867 composite?
True
Is 159687247 a composite number?
True
Is 1450819 prime?
True
Is 4129493 a prime number?
True
Is 3854597 prime?
False
Is 1853777 composite?
True
Is 11574061 composite?
False
Is 22443509 a prime number?
False
Is 703517 a composite number?
True
Is 820128947 prime?
False
Is 2115401 a composite number?
True
Is 139743601 composite?
False
Is 2480263 composite?
False
Is 82062241 a composite number?
False
Is 322763183 a prime number?
True
Is 786803 composite?
False
Is 6913111 prime?
True
Is 463025653 prime?
True
Is 93737803 composite?
True
Is 1736083 prime?
False
Is 4076167 a composite number?
False
Is 184805317 a prime number?
False
Is 9340411 composite?
False
Is 98158811 composite?
False
Is 56413909 a composite number?
True
Is 45982691 a composite number?
False
Is 151337813 composite?
True
Is 5261639 a prime number?
False
Is 298418789 a prime number?
True
Is 1375937 prime?
True
Is 2700989 a composite number?
False
Is 2467993 a composite number?
True
Is 3002977 prime?
True
Is 3582491 a prime number?
False
Is 19068755 composite?
True
Is 65945387 composite?
True
Is 152406517 a prime number?
False
Is 892228379 composite?
True
Is 13870567 a prime number?
False
Is 904029887 composite?
False
Is 2164709 a composite number?
True
Is 7667557 composite?
True
Is 4479979 a composite number?
True
Is 365050967 composite?
False
Is 12077813 a composite number?
True
Is 57955349 a prime number?
False
Is 452127887 a composite number?
False
Is 4004519 a composite number?
True
Is 34947382 a prime number?
False
Is 612239 a composite number?
True
Is 967481 a composite number?
False
Is 506123 prime?
False
Is 2078431 prime?
True
Is 72935873 a composite number?
False
Is 4548731 composite?
True
Is 9900283 a composite number?
False
Is 28400717 a composite number?
False
Is 65495419 prime?
False
Is 70891633 composite?
False
Is 19519723 prime?
False
Is 42530927 a composite number?
False
Is 3294085 a composite number?
True
Is 206901511 prime?
False
Is 141457097 a prime number?
False
Is 2962541 prime?
False
Is 15840631 prime?
False
Is 69694291 a composite number?
True
Is 19185977 a composite number?
True
Is 7192669 a prime number?
False
Is 18863839 a prime number?
True
Is 78810437 a prime number?
True
Is 2608471 a composite number?
False
Is 23567487 a composite number?
True
Is 320451926 a composite number?
True
Is 262249941 prime?
False
Is 47371477 a composite number?
True
Is 372177577 a prime number?
True
Is 203938697 prime?
True
Is 1782151 prime?
False
Is 13936991 a prime number?
False
Is 18967745 prime?
False
Is 24405679 composite?
False
Is 3117857 a prime number?
False
Is 1908191 composite?
True
Is 508197 composite?
True
Is 360798589 composite?
True
Is 156810091 composite?
True
Is 142063 a prime number?
False
Is 95097731 composite?
False
Is 1477309 prime?
True
Is 23197241 a prime number?
True
Is 311985367 a composite number?
True
Is 2787461 a composite number?
False
Is 47635855 a prime number?
False
Is 4700821 composite?
False
Is 756659 a prime number?
False
Is 771781 a composite number?
False
Is 59885197 a composite number?
True
Is 9650503 composite?
False
Is 2432211 a composite number?
True
Is 98911279 a prime number?
True
Is 5251703 prime?
False
Is 199910423 a composite number?
True
Is 15789327 composite?
True
Is 35832709 a prime number?
False
Is 2231497 a prime number?
False
Is 749701 prime?
True
Is 16324213 composite?
True
Is 27911119 a prime number?
False
Is 9079303 a composite number?
False
Is 29024779 a composite number?
True
Is 766881673 a prime number?
False
Is 2711311 composite?
True
Is 24667471 composite?
False
Is 10093651 a composite number?
False
Is 62507 prime?
True
Is 1644177 composite?
True
Is 616351 composite?
True
Is 21358819 a composite number?
True
Is 2514199 prime?
False
Is 3370187 a composite number?
True
Is 323270099 composite?
False
Is 36451577 prime?
True
Is 2764871 a composite number?
False
Is 11738497 prime?
False
Is 852833089 a composite number?
False
Is 7620047 a composite number?
True
Is 44011003 a prime number?
True
Is 199157999 prime?
True
Is 290015917 prime?
True
Is 2004953 a prime number?
True
Is 204161963 a composite number?
True
Is 1996901 a composite number?
False
Is 45843503 composite?
False
Is 53111633 a prime number?
True
Is 18032293 prime?
True
Is 611827979 a composite number?
True
Is 716783 a composite number?
False
Is 50100233 a composite number?
True
Is 4939009 a composite number?
True
Is 35005461 composite?
True
Is 5211071 composite?
False
Is 15507001 composite?
False
Is 2642531 prime?
False
Is 14068499 a composite number?
False
Is 6979361 composite?
False
Is 168395541 prime?
False
Is 13433353 a prime number?
True
Is 4949767 a prime number?
False
Is 42377897 composite?
False
Is 65384807 prime?
False
Is 34655149 composite?
True
Is 62079779 prime?
True
Is 14347705 a prime number?
False
Is 9208495 composite?
True
Is 8584097 composite?
False
Is 14407